q be n(1). Let o(p) = 8*p + 3. Calculate o(q).
-5
Let d(w) = w**2 - 7*w + 9. Let x be d(2). Let y(u) = 18*u + 11. Let c be y(x). Let q(g) = -g**2 - 8*g. What is q(c)?
7
Let q(l) = -l. Suppose -21 = o + 24. Let y be 58/(-18) - (2 + 100/o). Determine q(y).
3
Let s = 2849 - 2845. Let g(j) = -j**2 - 3*j + 22. Determine g(s).
-6
Let v(u) = -3*u + 53. Let o be v(16). Let r(n) be the second derivative of -9*n + 1/6*n**3 + 1/20*n**o + 0 + 1/2*n**2 + 1/12*n**4. Determine r(-1).
0
Let y(x) = -10*x**3 - x**2 - 3*x - 1. Let o(p) = -11*p**3 - 2*p**2 - 4*p - 2. Let v(f) = -2*o(f) + 3*y(f). Let t be 10/14 + 8/28. Determine v(t).
-7
Let f(d) = 22*d + 134. Let x be f(-6). Let r(n) be the first derivative of 3*n - 1/2*n**x - 1. Determine r(0).
3
Let g(a) = -a - 3*a + 2*a**2 - a**2. Let x(j) = j**3 - 38*j**2 + 39*j - 71. Let c be x(37). Calculate g(c).
-3
Let v be 6/(-14) - 1550/(-350). Let u(l) = 5*l. Determine u(v).
20
Let u(i) = -i - 2. Let g = 42 + -5. Let w = 67 - g. Suppose 6*k + 4*f + 6 = k, 5*f = 5*k - w. Calculate u(k).
-4
Let a(t) = -6 - 18 + 4*t + 37 - t. Give a(-6).
-5
Let r(u) = -u**3 - 11*u**2 - 9*u + 4. Let x be r(-10). Let i(o) = 6*o**2 + 13*o + 13. Let q(l) = -7*l**2 - 14*l - 14. Let j(d) = -6*i(d) - 5*q(d). What is j(x)?
4
Suppose 6*f - f + 19 = -2*t, 2*f + 3*t + 12 = 0. Let c(h) be the third derivative of -1/120*h**6 - 1/30*h**5 + 0*h + 0 + 0*h**3 - 3*h**2 - 1/24*h**4. Give c(f).
12
Let g be (-26)/8 - 6/8. Let b be g*(-3)/(-30)*15. Let i(j) = 5*j + 6. Let k(m) = -11*m - 11. Let w(t) = -5*i(t) - 2*k(t). Give w(b).
10
Let n(k) be the second derivative of -2*k**3/3 - 5*k**2/2 - 127*k. Give n(5).
-25
Let f(n) = -n**3 + 2*n**2 + 3*n + 3. Let i(p) = 2*p**2 + 4*p - 27. Let q be i(-5). Calculate f(q).
3
Suppose 4 + 8 = 3*b. Let o be b/(-2*(-2 - -3)). Let p(m) = 3*m**3 + 4*m**2 - 3. Let j(c) = 7*c**3 + 9*c**2 + c - 6. Let u(r) = 2*j(r) - 5*p(r). Calculate u(o).
-1
Let f = 32 + -35. Let g(s) be the first derivative of s**2/2 - 4*s + 41. Calculate g(f).
-7
Let s be (-1 - -2)*4 + (0 - 6). Let u(o) = 5*o**2 - 3*o - 2. Determine u(s).
24
Let f(c) be the first derivative of c**5/120 + 7*c**4/24 + 7*c**3/3 + 10. Let p(s) be the third derivative of f(s). Suppose 29 = -5*a - 6. What is p(a)?
0
Let t(y) = 7*y**2 + 3*y + 2. Let a be t(-2). Let c be (-216)/90*20/(-6). Suppose 2*d = c*d - a. Let p(u) = -u**3 + 6*u**2 - 4*u + 1. Calculate p(d).
17
Let v = 1070 + -1071. Let c(o) = 9*o - 4 + 4 + 1. Give c(v).
-8
Let b(a) = -7*a**2 + 40*a + 7. Let y(g) = -3*g**2 + 16*g + 3. Let j(v) = -2*b(v) + 5*y(v). Suppose -1 = -q - 2. Determine j(q).
0
Let w(r) = -r**3 - 26*r**2 - 25*r + 4. Let h be w(-25). Let i(f) = -f**3 + 5*f**2 - 6*f + 7. Determine i(h).
-1
Let o(l) = -1. Let v(c) = -c + 2. Let b(d) = -2*o(d) + 2*v(d). Give b(12).
-18
Let m = 15 + -18. Let l(t) = -t - 1. Let j(x) = -x + 3. Let a(v) = v + 1. Let r(f) = -6*a(f) - j(f). Let n(b) = 4*l(b) - r(b). Determine n(m).
2
Suppose 0 = z - 2*t + 1 + 5, 14 = -4*z - 2*t. Let b(f) = -f**3 - 2*f**2 + 7*f + 7. What is b(z)?
11
Let i(r) = 65*r - 28. Let c(v) = 12*v - 6. Let q(s) = -11*c(s) + 2*i(s). What is q(4)?
2
Let t(l) = l**2 + l - 12. Let o be -8*8/160 + 33/(-5). Give t(o).
30
Let z be (-2 - 7)/3 + 3. Suppose z = -o + 6*o - 55. Let j(p) = -16*p**2 - o*p**2 - 3*p + 26*p**2 - 6. What is j(-4)?
-10
Let g(z) = z**2 + z + 1. Let b(n) = -n**3 + n**2 - 7*n - 7. Let f(o) = -b(o) - 4*g(o). Suppose 0 = -3*q - q + 16. Determine f(q).
-1
Let z = 1956 - 1950. Let c(o) = -o**3 + 4*o**2 + 9*o - 3. Give c(z).
-21
Let i = -1439 - -1435. Let l(k) = k**3 + 6*k**2 + k + 1. Give l(i).
29
Let n(b) = 4*b**2 - b - 1. Suppose a = 3 - 1. Give n(a).
13
Suppose 0 = -0*w - 3*w. Let i(d) = 17*d**2 + 1. Let y(t) = -86*t**2 - t + 2. Let a(s) = -5*i(s) - y(s). What is a(w)?
-7
Suppose 0 = 75*q + 167 - 467. Let n(v) be the third derivative of 1/6*v**q + 8*v**2 + 0 + v**3 + 0*v. Determine n(-4).
-10
Let h(z) = -z**2 + 8*z + 3. Suppose 19*c - 23 - 129 = 0. Calculate h(c).
3
Let v(k) = -k**2 + 2*k + 1. Let o(c) = c**2 - 12*c + 37. Let r be o(8). What is v(r)?
-14
Let g(i) = 5 + 5*i - 5*i - 3*i - i**2. Let n be g(-5). Let j(k) = 9*k**3 + 18*k**2 + 17*k**2 - 29*k**2 - 3 - 8*k**3 + 4*k. What is j(n)?
2
Let l(h) = -8*h**2 - 1. Let t(z) be the second derivative of -z**4/12 - z**3 + 4*z**2 - 3*z. Let d = -63 + 56. Let v be t(d). What is l(v)?
-9
Let p(k) = 3420*k + 18 + 46*k**2 + 2 + k**3 - 37*k**2 - 3428*k. Give p(-10).
0
Let n(d) = d**2 - d - 2. Let x(u) = -3*u + 4. Let c be x(0). Suppose -7 = c*i - 23. What is n(i)?
10
Suppose 0 = 2*p + 4*s + 82, s + s = -3*p - 107. Let j be (-187)/p + (-4)/6. Let w(v) = v**3 - 6*v**2 + 6*v + 2. Calculate w(j).
7
Let z(a) = 13*a**2 + 1. Let k(d) = 18*d**2 + 1. Let y(c) = -5*k(c) + 7*z(c). What is y(0)?
2
Let k(s) = 2*s + 5. Let o(q) be the third derivative of -q**4/4 - 8*q**3/3 + 8*q**2. Let t(y) = 20*k(y) + 6*o(y). Determine t(-3).
-8
Let w(f) = 4*f**3 + 2*f**2 - 6*f - 4. Let z(y) = y - 3 - y**3 + 3 - y**2 + 1. Let b(s) = -w(s) - 5*z(s). Suppose 0 = 13*x - 40*x - 54. Calculate b(x).
1
Let r(t) = -3*t - 4. Suppose 5*s - 188 = 57. Let b = s + -46. Calculate r(b).
-13
Let w(d) be the first derivative of -4*d**3/3 + d**2/2 + 10*d + 1. Let i(t) = t**2 + t. Let f(h) = 3*i(h) + w(h). Give f(7).
-11
Let l = -5 - -3. Let r(h) = -74*h + 2. Let t(f) = 15*f. Let c(u) = -r(u) - 5*t(u). Determine c(l).
0
Let y be 1/(-4) - (-366)/24. Let f(r) = y*r + 9 - 8*r - r**2 + 6*r + 8. Let a be f(14). Let b(d) = -d**2 + 4*d + 1. Determine b(a).
4
Let p(o) = 3*o**2 + 12*o + 11. Let c(k) = -16*k**2 - 61*k - 54. Let b(q) = -2*c(q) - 11*p(q). Give b(-6).
11
Suppose -5*i - 14 = -4*a + 5*a, -5*a = 20. Let y be (-1)/((-2)/4) - i. Let g(m) = 9*m + y - m**2 - 6*m + 3*m. Determine g(7).
-3
Let v(y) = -61*y**2 - 4*y + 3. Let l be v(1). Let z = 63 + l. Let g(m) = 2*m - 1. Determine g(z).
1
Let h be (-2)/(2 - 4) + (1 - -1). Suppose -h - 4 = -4*x + u, 3*x = -u. Let o(v) = 4*v**2 - 1. Give o(x).
3
Suppose 12 = 2*m + 2*m. Let h(q) = -3*q**3 + 2*q**3 + 4*q**2 + 3 + m*q + 0. Calculate h(5).
-7
Let n(h) = 17*h + 9. Let g(j) = -33*j - 17. Let x(m) = 6*g(m) + 11*n(m). What is x(-3)?
30
Let g(m) = 7*m**2 + 3*m + 10. Suppose -11*n + 28 = -38. Let l(a) = -20*a**2 - 10*a - 30. Let j(s) = n*l(s) + 17*g(s). Give j(-7).
4
Suppose 101 = 4*a + 5*d + 109, -2*d = 8. Let l(m) = -m**2 + 2*m - 7. Give l(a).
-10
Let i(p) = -p**3 + 8*p**2 - 8*p - 4. Suppose 0 = 3*u - 48 - 78. Suppose 9 - 24 = 5*d, -5*l + 4*d + u = 0. Calculate i(l).
20
Let z(r) = -3 - 5*r + 0*r - 2*r**2 + 3*r**2. Suppose -4*w = -4*o + 4, -3*o + w = 6*w - 43. What is z(o)?
3
Let y(d) = -3*d + 21. Let g be y(4). Let s(b) = -b**2 - 4*b + 4 - g + 10 - b. Calculate s(-7).
-9
Let f(b) = 3*b**3 + 7*b**2 - 4*b - 3. Let v(y) = 16*y**3 + 39*y**2 - 20*y - 16. Let q(u) = 11*f(u) - 2*v(u). Let t = -1 + 4. Calculate q(t).
5
Suppose 3*d = d. Suppose -5*b - 3*a + d*a + 9 = 0, -2*a - 13 = -3*b. Suppose -4*v - 9 = -b*v - 4*w, 3*v - 18 = -3*w. Let o(z) = z**2 - 4*z - 2. Determine o(v).
-5
Suppose -19*s = -x - 17*s + 9, -x = -3*s - 14. Let n(j) be the second derivative of -j**5/4 - j**2/2 - j. What is n(x)?
4
Let v(l) = -2*l**2 - 6*l - 9. Suppose 0 = 4*q + p + 30 - 2, 4*q - 3*p = -12. Calculate v(q).
-45
Let k(b) be the first derivative of 21 - 1/3*b**3 - 9*b + 4*b**2. Let h = 16 - 10. Give k(h).
3
Let d(m) = -m**2 + 7*m - 6. Suppose -5*o = -3*o - 6. Suppose 5*u + 24 = -2*h, -o*h - 3*u - 29 = u. Let x(p) = p**2 + 5*p - 9. Let w be x(h). Determine d(w).
4
Let x(m) = -9*m + 1. Suppose 4*s = s + 36. Let h(l) = -2*l + 14. Let v be h(s). Let g = v + 9. Determine x(g).
10
Let f be (4/(-5))/(6/(-60)). Suppose -2*w + 2 = f. Let o(y) = 0*y - 7*y - 1 + y + 8*y. Calculate o(w).
-7
Let v(z) = 8*z**2 - 2. Suppose 5*n = 2*n, 4*a - 4 = 2*n. Let o be v(a). Let d(q) = -2*q + 1. Determine d(o).
-11
Let f(u) = -u**3 + 7*u**2 + 7*u + 9. Suppose 0*r - 70 = 3*h + 5*r, -3*r = -4*h - 74. Let q = 29 + h. Suppose q*p - 4*p = 40. Calculate f(p).
1
Let a be (8 - 2)*5/(-2). Let m(k) = k**3 + 14*k**2 - 17*k - 32. What is m(a)?
-2
Let s(f) be the first derivative of 13 - 4/3*f**3 + 1/2*f**2 - 1/4*f**4 + 3*f. What is s(-4)?
-1
Suppose -14*x + 9*x = -115. Suppose -x = -2*d + 43. Let q(i) = 31*i + 4*i**2 + i**3 - d*i + 0*i**2. What is q(-4)?
8
Let w(z) be the first deri